is divided by 670?
7
Calculate the remainder when 169 is divided by 51.
16
What is the remainder when 615 is divided by 37?
23
Calculate the remainder when 210 is divided by 66.
12
Calculate the remainder when 202 is divided by 34.
32
Calculate the remainder when 10 is divided by 2.
0
What is the remainder when 1310 is divided by 429?
23
What is the remainder when 730 is divided by 92?
86
Calculate the remainder when 29 is divided by 18.
11
Calculate the remainder when 824 is divided by 820.
4
What is the remainder when 41623 is divided by 43?
42
What is the remainder when 337 is divided by 12?
1
Calculate the remainder when 3444 is divided by 383.
380
What is the remainder when 168 is divided by 31?
13
Calculate the remainder when 1443 is divided by 23.
17
What is the remainder when 1754 is divided by 22?
16
What is the remainder when 397 is divided by 40?
37
What is the remainder when 1779 is divided by 223?
218
What is the remainder when 85 is divided by 37?
11
Calculate the remainder when 56 is divided by 18.
2
Calculate the remainder when 1324 is divided by 51.
49
What is the remainder when 140 is divided by 71?
69
Calculate the remainder when 68 is divided by 19.
11
What is the remainder when 124 is divided by 73?
51
What is the remainder when 2547 is divided by 102?
99
Calculate the remainder when 912 is divided by 60.
12
What is the remainder when 130 is divided by 28?
18
What is the remainder when 605 is divided by 103?
90
What is the remainder when 85 is divided by 34?
17
Calculate the remainder when 1081 is divided by 35.
31
What is the remainder when 294 is divided by 43?
36
What is the remainder when 227 is divided by 59?
50
Calculate the remainder when 4178 is divided by 110.
108
What is the remainder when 1143 is divided by 88?
87
What is the remainder when 1195 is divided by 15?
10
What is the remainder when 752 is divided by 13?
11
What is the remainder when 26 is divided by 5?
1
Calculate the remainder when 208 is divided by 60.
28
What is the remainder when 2291 is divided by 36?
23
Calculate the remainder when 130 is divided by 44.
42
Calculate the remainder when 390 is divided by 389.
1
Calculate the remainder when 173 is divided by 27.
11
Calculate the remainder when 5173 is divided by 58.
11
What is the remainder when 727 is divided by 30?
7
Calculate the remainder when 246 is divided by 42.
36
What is the remainder when 1649 is divided by 75?
74
What is the remainder when 442 is divided by 72?
10
Calculate the remainder when 7 is divided by 1.
0
Calculate the remainder when 65 is divided by 19.
8
What is the remainder when 1760 is divided by 41?
38
What is the remainder when 319 is divided by 40?
39
Calculate the remainder when 870 is divided by 80.
70
Calculate the remainder when 426 is divided by 50.
26
What is the remainder when 2925 is divided by 968?
21
Calculate the remainder when 31 is divided by 14.
3
Calculate the remainder when 211 is divided by 28.
15
What is the remainder when 209 is divided by 77?
55
What is the remainder when 1334 is divided by 501?
332
What is the remainder when 821 is divided by 405?
11
What is the remainder when 243 is divided by 25?
18
What is the remainder when 8573 is divided by 30?
23
Calculate the remainder when 6 is divided by 5.
1
What is the remainder when 462 is divided by 36?
30
Calculate the remainder when 222 is divided by 92.
38
Calculate the remainder when 180 is divided by 54.
18
Calculate the remainder when 442 is divided by 117.
91
Calculate the remainder when 2522 is divided by 46.
38
What is the remainder when 2140 is divided by 709?
13
Calculate the remainder when 101 is divided by 52.
49
What is the remainder when 431 is divided by 64?
47
Calculate the remainder when 495 is divided by 165.
0
What is the remainder when 284 is divided by 29?
23
What is the remainder when 2916 is divided by 73?
69
What is the remainder when 61 is divided by 36?
25
Calculate the remainder when 123 is divided by 60.
3
Calculate the remainder when 363 is divided by 62.
53
Calculate the remainder when 13654 is divided by 5.
4
Calculate the remainder when 46 is divided by 6.
4
Calculate the remainder when 402 is divided by 96.
18
What is the remainder when 5246 is divided by 75?
71
What is the remainder when 217 is divided by 78?
61
Calculate the remainder when 217 is divided by 49.
21
Calculate the remainder when 1181 is divided by 27.
20
What is the remainder when 956 is divided by 64?
60
What is the remainder when 24435 is divided by 41?
40
What is the remainder when 1015 is divided by 102?
97
Calculate the remainder when 3490 is divided by 159.
151
What is the remainder when 371 is divided by 125?
121
What is the remainder when 25 is divided by 14?
11
Calculate the remainder when 2347 is divided by 15.
7
Calculate the remainder when 270 is divided by 48.
30
What is the remainder when 295 is divided by 37?
36
What is the remainder when 258 is divided by 31?
10
Calculate the remainder when 279 is divided by 58.
47
What is the remainder when 1150 is divided by 1123?
27
What is the remainder when 3094 is divided by 24?
22
Calculate the remainder when 387 is divided by 124.
15
Calculate the remainder when 337 is divided by 5.
2
What is the remainder when 37 is divided by 14?
9
Calculate the remainder when 155 is divided by 72.
11
What is the remainder when 84 is divided by 37?
10
What is the remainder when 196 is divided by 17?
9
What is the remainder when 206 is divided by 50?
6
What is the remainder when 159 is divided by 20?
19
What is the remainder when 537 is divided by 50?
37
What is the remainder when 461 is divided by 8?
5
Calculate the remainder when 1010 is divided by 263.
221
What is the remainder when 97 is divided by 13?
6
Calculate the remainder when 1374 is divided by 214.
90
What is the remainder when 234 is divided by 40?
34
What is the remainder when 289 is divided by 10?
9
What is the remainder when 775 is divided by 7?
5
What is the remainder when 971 is divided by 40?
11
What is the remainder when 403 is divided by 269?
134
What is the remainder when 790 is divided by 224?
118
What is the remainder when 26 is divided by 11?
4
Calculate the remainder when 85 is divided by 10.
5
Calculate the remainder when 1507 is divided by 54.
49
Calculate the remainder when 1909 is divided by 14.
5
What is the remainder when 439 is divided by 90?
79
What is the remainder when 485 is divided by 61?
58
Calculate the remainder when 17084 is divided by 51.
50
What is the remainder when 239 is divided by 34?
1
Calculate the remainder when 1988 is divided by 165.
8
Calculate the remainder when 576 is divided by 16.
0
What is the remainder when 1313 is divided by 260?
13
What is the remainder when 25 is divided by 4?
1
Calculate the remainder when 365 is divided by 197.
168
What is the remainder when 4120 is divided by 60?
40
Calculate the remainder when 558 is divided by 43.
42
What is the remainder when 125 is divided by 64?
61
What is the remainder when 32942 is divided by 284?
282
What is the remainder when 475 is divided by 30?
25
What is the remainder when 4258 is divided by 23?
3
What is the remainder when 285 is divided by 71?
1
What is the remainder when 623 is divided by 308?
7
What is the remainder when 771 is divided by 86?
83
What is the remainder when 133 is divided by 69?
64
What is the remainder when 67940 is divided by 23?
21
What is the remainder when 6942 is divided by 151?
147
What is the remainder when 109 is divided by 10?
9
Calculate the remainder when 89 is divided by 49.
40
Calculate the remainder when 688 is divided by 173.
169
Calculate the remainder when 1706 is divided by 44.
34
Calculate the remainder when 14233 is divided by 16.
9
Calculate the remainder when 1117 is divided by 29.
15
Calculate the remainder when 107 is divided by 83.
24
Calculate the remainder when 1767 is divided by 34.
33
What is the remainder when 15660 is divided by 41?
39
Calculate the remainder when 796 is divided by 214.
154
What is the remainder when 6893 is divided by 18?
17
What is the remainder when 487 is divided by 453?
34
What is the remainder when 44 is divided by 15?
14
What is the remainder when 2359 is divided by 40?
39
What is the remainder when 98 is divided by 52?
46
C